the prime factors of 2 + -1 - (-2 - 19).
2, 11
Suppose -2*y + 4*l + 204 = 2*l, 4*y - 2*l - 416 = 0. What are the prime factors of y?
2, 53
Let j = 8 - 3. Suppose -3*s = 4*o - 44, -3*s = -j*o - 2*s + 55. List the prime factors of o.
11
Let d = -14 + 20. Let h(o) = o**2 - 5*o - 1. Let l be h(d). Suppose -2*a - 27 = -l*a. What are the prime factors of a?
3
Let m(u) = -u**2 - 3*u + 2. Let f be m(-2). Suppose q = f*q + 5*w - 61, -q + 2*w + 2 = 0. What are the prime factors of q?
2, 3
Let k(m) = -m**3 + 7*m**2 + 9*m + 7. List the prime factors of k(7).
2, 5, 7
Let h be -3 - (-7)/(7/34). Suppose -5*d - 62 = -3*q, 4*d = 3*q - 30 - h. List the prime factors of q.
19
Suppose 0 = m + 3*f - 5, m + 8 = 3*m + 4*f. Suppose x + 5*z + 1 = m, 5*x + 5*z = 25. List the prime factors of x.
2, 3
Let t = 6 + -1. Suppose -t*g - 5*u = -40, u - 3 + 25 = 4*g. What are the prime factors of g?
2, 3
Let p = -1 + 6. List the prime factors of p.
5
Suppose 2*v = 0, -5*q + 5*v = -q - 932. What are the prime factors of q?
233
Suppose 4*a = -0*t - 2*t - 42, 0 = -3*t + a - 70. Let m = t + 38. Suppose -g + 0*g - 2*i = 3, 5*i = -m. What are the prime factors of g?
3
Let p(t) = -t**2 + 6*t - 3. Suppose 2*l - 3 = -2*d + l, 5*d - 2*l - 12 = 0. What are the prime factors of p(d)?
5
Suppose -2*y + 4*o + 58 = 0, -y + 2*o = y - 52. Suppose 5*h + 2*q = q - 24, 0 = -5*h - 4*q - 36. Let g = h + y. What are the prime factors of g?
19
Suppose 0 = -5*l + 17 + 98. List the prime factors of l.
23
Let j = 3 + 102. List the prime factors of j.
3, 5, 7
What are the prime factors of (19/(-38))/(1/(-38))?
19
Suppose -73 = 4*w - 945. What are the prime factors of w?
2, 109
Let g = -171 + 321. List the prime factors of g.
2, 3, 5
Let v = -7 - -7. Suppose -2*m + 38 = -v. List the prime factors of m.
19
Let z(q) = -q**3 + q**2 + 2*q + 2. List the prime factors of z(2).
2
Suppose -x = -8 - 4. Suppose 0*m - x = -3*m. Suppose 2*n + 3*r = -n + 72, -3*r + 91 = m*n. What are the prime factors of n?
19
Let j(x) = -2*x - 1. Let a be j(-9). Let n be (-43)/5 - 2/5. Let i = n + a. List the prime factors of i.
2
Let x(u) = u - 7. Let a be x(10). Suppose -a*o + 30 = -o. List the prime factors of o.
3, 5
What are the prime factors of 4/22 - (3 - 3688/44)?
3
Let o(s) = 4*s**3 - s**2 - 3*s - 5*s**3 - 5*s**2. What are the prime factors of o(-6)?
2, 3
Let v(z) = -36*z**3 - 6*z**2 - 12*z + 2. What are the prime factors of v(-2)?
2, 5, 29
Suppose 4*d + 16 = k, k = -0*k + 5*d + 12. What are the prime factors of k?
2
Let o = -15 + 62. What are the prime factors of o?
47
Let o(z) = 7*z - 2. Suppose 2*v = 4 + 2. Suppose 5*j + 4*b - 18 = 0, 3*j = -j - v*b + 14. List the prime factors of o(j).
2, 3
Suppose -12 = -5*q + 8. Suppose -136 = -0*y - q*y. List the prime factors of y.
2, 17
Suppose v + x = 6*v - 29, -4*v = -3*x - 32. Suppose -v*a + 12 - 2 = 0. Suppose 7*d = a*d - 2*f + 39, 2*f - 21 = -3*d. List the prime factors of d.
3
Suppose -3*m + 393 = h, 0*m - m = -3*h - 121. List the prime factors of m.
2, 5, 13
Let c(a) = a**2 - 4*a + 3. Let u be c(3). Let z be u/3*(1 + -2). List the prime factors of (-1)/(2/(-22) + z).
11
What are the prime factors of 30 - (4 + 1 + -3)?
2, 7
Let h be 65 - (6/3 - 5). Suppose -4*d - 8*b + 4*b = -h, -2*b - 34 = -2*d. List the prime factors of d.
17
Let r(h) be the first derivative of h**3/3 - 5*h**2/2 + 4*h + 3. Let v be r(5). Suppose -5 = -4*t + 4*z + 35, 2*z = v*t - 50. List the prime factors of t.
3, 5
Suppose 4*t + 210 = 5*j, 0*j + 4*t = 4*j - 172. What are the prime factors of j?
2, 19
List the prime factors of 395/(-2)*(-8)/20.
79
Let o be (0 - 0)/(9 - 11). Suppose o - 14 = -2*d. List the prime factors of d.
7
Let h = -120 + 192. What are the prime factors of h?
2, 3
Suppose 76 + 28 = 2*q. What are the prime factors of q?
2, 13
Let y = 2 + 3. Let d(z) = z**3 - 5*z**2 + 2*z - 2. List the prime factors of d(y).
2
Suppose u - 17 - 39 = 0. List the prime factors of u.
2, 7
Suppose -4 - 6 = -2*a + 4*v, -v = 4*a - 56. What are the prime factors of a?
13
Suppose 6*a = 7*a - 13. Let w = a + -7. What are the prime factors of w?
2, 3
Let g = -10 - -19. Suppose -3*r - 4 = -4*r, -21 = -3*k - 3*r. Let s = g + k. List the prime factors of s.
2, 3
Let j(t) = t**3 - 7*t**2 + t + 6. Let a be j(7). Let v = a + -6. What are the prime factors of v?
7
Let h(c) be the second derivative of 1/3*c**3 + c - c**2 + 0. List the prime factors of h(4).
2, 3
List the prime factors of 5*(3 - (-128)/20).
47
Suppose -214 = 4*v + 66. What are the prime factors of v/(-4) + 1/2?
2, 3
Suppose -k - 1 = -2*k - x, 5*k = 2*x + 26. Let j = 7 - 5. Suppose -1 = s + k*h, j*s + s - 11 = -5*h. What are the prime factors of s?
7
Let r = -4 + 250. What are the prime factors of r?
2, 3, 41
Let j(c) be the third derivative of -c**6/720 - c**5/30 - c**4/12 - c**2. Let f(l) be the second derivative of j(l). List the prime factors of f(-9).
5
Suppose 2*b - 3*j = -0*j + 49, 0 = 5*b + j - 114. What are the prime factors of b?
23
Let u = 57 - 41. What are the prime factors of u?
2
Let a(i) = 2*i + i - 15 - i**2 - i**3 + 19. List the prime factors of a(-3).
13
Suppose -5*i - 23 = -4*i. Let m = 34 + i. What are the prime factors of m?
11
Let t = 64 - -61. What are the prime factors of t?
5
Let q(d) = d**2 + 8*d - 6. Let m be q(-7). Suppose 4*u = 34 + 62. Let a = m + u. List the prime factors of a.
11
Let x(m) = 5*m + 8. Let q(r) = 11*r + 17. Let n(t) = 6*q(t) - 13*x(t). What are the prime factors of n(7)?
5
Let z = 11 - 21. Let k = 1 - 2. List the prime factors of (1 + (z - 2))*k.
11
Suppose -4*v + 8 = -k - 0, -v + 2 = -4*k. Let n = v + 0. Let y = n - -7. List the prime factors of y.
3
Let k(n) = -n**3 - 4*n**2 + 10*n + 8. List the prime factors of k(-6).
2, 5
Let w = 34 - -9. What are the prime factors of w?
43
Suppose 3*x = 368 + 61. List the prime factors of x.
11, 13
Suppose 0 = -5*g + w + 19, 2*g = 4*w - 13 + 35. Suppose 0*k - 4*k - y = -206, -g*y + 6 = 0. List the prime factors of k.
3, 17
Let b(x) = 2*x**2 + 8*x + 3. What are the prime factors of b(-5)?
13
Let i = 21 + -15. Suppose 0 = 2*g - 76 - i. What are the prime factors of g?
41
Suppose -8*p = -11*p + 69. What are the prime factors of p?
23
Suppose 4*h - 454 = -3*t, 2*h + 138 = t + 6*h. List the prime factors of t.
2, 79
Let c be (-6)/(-4)*4/(-3). What are the prime factors of (-202)/(-6) - c/6?
2, 17
Let c be (-16)/(-10) + 8/20. Let k be (c/1)/4*10. Suppose -2*v + 31 = -2*j + 3, 5*j - 40 = -k*v. What are the prime factors of v?
11
Suppose -14 = -2*x - 0. Let m(a) = a**2 - 8*a + 3. Let p be m(x). List the prime factors of p/2*(-27)/6.
3
Let b = -4 + 6. Suppose -4*g + 3*y + 53 = -b*g, -3*y = 3. What are the prime factors of g?
5
Let m be 4/3*(-9)/3. Let h be 4/10 - (-14)/(-10). Let t = h - m. List the prime factors of t.
3
Let s = -49 - -71. Suppose -4*q + b - 19 = s, 2*b = 4*q + 42. List the prime factors of q*-2*1/2.
2, 5
Suppose 0 = 42*y - 39*y - 414. What are the prime factors of y?
2, 3, 23
Let a(h) = -15*h - 23. List the prime factors of a(-8).
97
Suppose 7*s + 15 = 10*s. What are the prime factors of s?
5
Suppose q + 6 = 3*t, 5*q - t = 2 - 4. Suppose 16 = 4*r - q*r. What are the prime factors of r?
2
Suppose p + 176 = 2*h, -2*h - 6*p + 5*p = -172. Suppose -f + 38 = -22. Suppose -4*u = 4*i - f, 4*i = -i + u + h. List the prime factors of i.
17
Let w = -2 - -4. Let b be -3 + 4 - (w + 1). List the prime factors of 4/6*(-21)/b.
7
Let d = 6 + -6. Suppose -4*i + d*i = 5*w - 65, -4*w + 5*i + 11 = 0. What are the prime factors of w?
3
Let l(s) = -s**3 - 10*s**2 - 13*s - 11. What are the prime factors of l(-9)?
5
Let o(q) = 14*q**3 + 26*q**2 - 11*q - 6. Let m(k) = -5*k**3 - 9*k**2 + 4*k + 2. Let g(y) = 17*m(y) + 6*o(y). What are the prime factors of g(-2)?
2, 7
Suppose -5 = -x + 2*f - 2, 0 = -4*f - 20. Let n(u) be the third derivative of -u**5/60 - u**4/3 + u**3/6 - 2*u**2. List the prime factors of n(x).
2
Let y = -5 + 25. List the prime factors of y.
2, 5
Let a be 4/(-18) - (-58)/18. Suppose 4*i = -4*w + w - 7, 0 = -4*i - w + 3. List the prime factors of a/i - 3/(-2).
3
Suppose o - 2*o + 90 = -2*l, 0 = -5*l - 15. Suppose 3*r = 2*r + 5. Suppose 4*x + 4*z - o = 0, -x - 2*x + r*z + 63 = 0. List the prime factors of x.
3, 7
Suppose -2*r = 5*d + 35, -2*d + d - 5 = 0. Suppose -5*h + 1 = 3*q,